 = -13*y + 240. What is the greatest common divisor of s and y?
2
Let y = -1927 + 1957. What is the greatest common factor of 710 and y?
10
Suppose -9*g + 1715 + 24772 = 0. Calculate the highest common divisor of 108 and g.
27
Suppose 52*p - 18840 = -2824. Calculate the greatest common divisor of p and 28.
28
Let y(h) = 29*h - 372. Let z be y(14). Calculate the highest common factor of z and 2533.
17
Suppose 9693 = 50*s + 159*s - 46737. What is the highest common factor of 20 and s?
10
Suppose 4*h - 29 = 2*n - 5*n, 28 = 5*h + n. Suppose -3*w - x = -95, h*x + 39 - 80 = -w. What is the greatest common divisor of w and 248?
31
Let m be (-30 - -21)*(-63 - (1 - 0)). Let i = m - 545. Calculate the highest common factor of 589 and i.
31
Suppose 3*i - 244 = 5*d, 2*d = 3*i - 16 - 240. What is the highest common factor of i and 136?
8
Suppose 0 = 69*j + 2241 + 768 + 1200. Let z(l) = -l + 65. Let q be z(0). Let a = j + q. Calculate the highest common divisor of 2 and a.
2
Let g = 16 + 61. Let y = -31 + g. Suppose 0 = -2*n + 3*u + y, 5*u = -2*n + 11 + 3. Calculate the greatest common divisor of n and 136.
17
Let c = -7548 + 12305. Calculate the greatest common factor of 134 and c.
67
Suppose -n = 8*w - 181, 1160 - 403 = 4*n - w. Calculate the greatest common factor of 1026 and n.
27
Suppose -2*d + 3*y - y + 440 = 0, -3*d + 2*y = -665. Suppose -15 = -5*k, -4*x + 2*k + d = -121. Calculate the greatest common divisor of x and 44.
44
Suppose 30*d + 7*d - 704 = 15*d. What is the highest common divisor of 7712 and d?
32
Let r(o) = 3*o**2 + 2*o - 1. Let s be r(-2). Let m be 1/(5*-1 + (-20748)/(-4147)). Let u = -312 + m. Calculate the highest common divisor of u and s.
7
Suppose 0 = 20*y - 18*y - 6. Let i be 89 - y*8/24. Calculate the highest common factor of i and 11.
11
Let h = -7 + 14. Suppose -4*w + 584 = -4*j, 0 = w + j - 57 - 83. Suppose -140*i = -w*i + 189. What is the greatest common factor of i and h?
7
Let y = 141 - 86. Suppose 0 = 3*m + 3*r - 45, 0 = -m - 0*m - 4*r + 24. Let i = m - 7. What is the highest common factor of i and y?
5
Let m be (-62)/(-6) - 66/(-99). Suppose -m*a = 8*a - 399. What is the highest common divisor of 777 and a?
21
Suppose 1480 = -5*o + 2*q, 10*q + 592 = -2*o + 6*q. Let m = o - -456. Let h = 44 + -28. What is the greatest common factor of h and m?
16
Let r be 4840/70 - 12/(-14). Suppose 679*o = 672*o + r. Calculate the greatest common factor of o and 2.
2
Suppose -604 - 299 = -21*f. What is the highest common factor of 3053 and f?
43
Let q = -692 - -890. Calculate the greatest common factor of q and 616.
22
Suppose -4*u + 150 = 6*q - 3*q, 32 = u - 2*q. Calculate the highest common divisor of u and 2112.
12
Suppose 0 = -3*g - 4*a - 1, -29*a + 17 = 5*g - 27*a. Let q be (2 - (-1 + g))*-248. What is the highest common divisor of q and 31?
31
Suppose 4*h + h - 3*x = 23, 13 = 4*h + 3*x. Suppose 0 = -2*o + 4*o - h, 5*o - 250 = -4*u. Calculate the highest common divisor of u and 1140.
60
Suppose -5*w = -3*x - 198, w = -0*w - x + 38. Let m(t) = 2*t**3 - 78*t**2 - t + 47. Let k be m(w). What is the highest common factor of k and 200?
8
Let t = 49786 + -49667. Let a be (-8)/3*153/(-6). What is the highest common factor of t and a?
17
Let s(t) = -2*t + 18. Let o(m) = m. Let f(k) = 2*o(k) - s(k). Suppose 0*w + 15 = 3*w. Let l be f(w). What is the greatest common factor of 18 and l?
2
Suppose -156 = 24*d - 1164. Let l(u) = -14*u**3 + u**2 + 9*u + 14. Let m be l(-2). Calculate the greatest common divisor of d and m.
14
Suppose 0 = -53*w + 1097 - 620. Suppose 0 = -4*d + 35 + 13. What is the highest common factor of w and d?
3
Let r be (-93)/(-156) - (-136)/884 - 43674/(-8). What is the greatest common divisor of 78 and r?
78
Suppose 0 = 5*z - n - 3829, 2*z + 0*n = 4*n + 1546. Let q = z + -402. Calculate the greatest common divisor of q and 33.
33
Let p(a) = 45*a - 203. Let j be p(5). Let g(q) = -q**2 + 6*q + 5. Let c be g(7). Let o = j + c. Calculate the greatest common factor of 50 and o.
10
Suppose -2*b - 17 = -2*t - b, -3*t - 2*b = -29. Let n be (((-81)/(-6))/t)/((-15)/(-1160)). Calculate the highest common factor of 4 and n.
4
Suppose 144 = 4*j - 64. Suppose 18*c = 17*c + 8. Suppose -4*n = 2*k - 52, -4*n - 18 = -k + c. What is the greatest common divisor of j and k?
26
Suppose 174*s - 2556 = -2*h + 177*s, 3833 = 3*h - 5*s. Calculate the greatest common factor of h and 105.
21
Let c = 15410 - 14682. What is the greatest common factor of c and 143?
13
Let o = 166 - 163. Suppose -5*d + 323 = -2*w + 4*w, 5*w = o*d + 823. What is the greatest common factor of w and 205?
41
Let t be 3 + 4/8*4. Suppose 0 = -3*w + 11 + 4. Suppose w*y - 3*y - t*f = 32, -3*f = -5*y + 118. Calculate the highest common factor of y and 65.
13
Suppose 25 = 5*w, -33*w + 703 = 3*a - 28*w. Calculate the highest common factor of 565 and a.
113
Let t = 2169 - 2095. Calculate the highest common factor of 2664 and t.
74
Let y = 8138 + -7863. Calculate the highest common divisor of y and 2090.
55
Let b(p) = -106*p**2 + 10 + 30*p + 201*p**2 + p**3 - 103*p**2. Let h be b(7). What is the greatest common factor of 18 and h?
9
Suppose 14 - 42 = -o. Suppose -5*t + o = 3*q, t = -0*t + 5. Let r be (q - 10)/(-3) + 123. What is the highest common divisor of 18 and r?
18
Let k be 272/3 + (-18)/27. Let u be k - (-16*1)/(-4). Let y = 186 - u. What is the highest common factor of 20 and y?
20
Let q be 22/((-4)/(-34) - 1696/(-901)). Calculate the highest common factor of 31207 and q.
11
Suppose -w - g = -384, 2*w + 6*g - 466 - 326 = 0. Calculate the greatest common factor of 135 and w.
27
Let q be ((5 - 2)*-24)/(-8 + 7). Suppose -4*w = -p - 2*p - q, 5*p = -2*w + 10. Suppose -n - w + 27 = 0. Calculate the greatest common divisor of n and 42.
6
Let d = -6204 + 6227. What is the highest common factor of 26 and d?
1
Let y be (-22 + 0)*(-1)/1. Let a = 23587 - 23290. Calculate the highest common divisor of y and a.
11
Let z be (64/60 - 2/3)*10. Suppose -z*g = 3*k - 204 - 464, g = -2*k + 447. What is the greatest common divisor of 28 and k?
28
Let f(m) = -m**3 + m**2 + m + 72. Let h be f(0). Let r be (-822)/(-137) + -6*(-2)/4. What is the highest common factor of h and r?
9
Let i = 3061 - 2760. Calculate the greatest common divisor of i and 14.
7
Let k = -1893 - -1900. Let s(p) = -p**2 - 5*p. Let q be s(-5). Let g be k - 0 - (q - 0). Calculate the greatest common divisor of g and 1.
1
Suppose 0 = 2*r + 2*u - 86, 4*r + 23*u = 18*u + 175. What is the greatest common divisor of r and 30920?
40
Suppose p = -t + 405, -66*p + 64*p - 5*t + 825 = 0. What is the highest common factor of p and 272?
16
Let s = -147 - -301. Let l = 301 + -51. Suppose 0 = 20*x - 30 - l. Calculate the greatest common divisor of s and x.
14
Let m(y) = 108*y + 892. Let g be m(9). What is the greatest common factor of 8 and g?
8
Let c = 125 + -130. Let v(j) = -j + 39. Let x be v(c). Calculate the highest common divisor of x and 33.
11
Let r = -27 + 6. Let a be (-492)/r - (-20)/35. Let v be 16/a - 134/(-6). What is the highest common factor of v and 115?
23
Let d(l) = -l**3 + 11*l**2 - 2*l - 7. Let w be d(5). Let y = -105 + 104. Let f be (y - -8)*6 + -4. What is the highest common factor of w and f?
19
Suppose 3*w + 18 = 0, -5*o + 5*w + 4713 = -44907. Calculate the greatest common factor of 18 and o.
18
Let a = 33 + -31. Suppose -2*n + 4*d + 62 = n, 58 = 3*n - a*d. Let q = 28 - n. What is the highest common divisor of q and 90?
10
Suppose 741 + 2413 = 4*x + 346. What is the highest common factor of x and 378?
54
Suppose 2*r = l - 190, 126 = -4*r - 4*l - 230. Let o = r + 89. Let m be (2/o)/(5/(-960)). Calculate the greatest common factor of m and 144.
48
Suppose 0 = 5*a - 0*a - b - 124, -2*a = -b - 52. Suppose 4*n + 88 = z, a*z - 28*z = 4*n - 412. What is the highest common factor of 300 and z?
100
Let o = 56 - 57. Let w be (-1)/(1/(-115)) - 2/o. Let s = w + -99. What is the greatest common factor of 12 and s?
6
Let k(j) = 47*j**3 - j**2 - 2*j + 2. Let u be k(1). Let z = -1039 + 1045. What is the highest common factor of z and u?
2
Suppose -82944 = 148*o - 370*o + 141*o. Let r(h) = -h**3 - 5*h**2 - 4*h - 4. Let w be r(-5). Calculate the greatest common factor of w and o.
16
Let k = -5347 - -5468. What is the highest common divis